 -111 + -665 + 701.
-80
Calculate -39 - (4 - (-2 + 2 + 2)).
-41
Calculate -19 + 39 + -17 + 11 + 1 + -45.
-30
12 + -18 + -16 + 138 - 30
86
What is the value of -5 - (-4 + (-8 - -4 - -15) + -8)?
-4
(177 - 203) + (-3 - (1 - 5))
-25
What is the value of -29 - (-24 - -32 - -23 - 26)?
-34
What is -14 + (7 - -1) + 19 - 42?
-29
What is the value of (42 - 84 - 3) + 87 + 33?
75
Evaluate -7 + -85 + (-26 + 33 - (-7 + -6)).
-72
What is the value of 50 - 83 - (-15 + -16)?
-2
What is -5 + (12 - (19 + 14 + -24 + 43))?
-45
Calculate -44 - (-18 + (6 - (-10 + 3))).
-39
What is 0 + 28 + -4 - (-553 + 532)?
45
What is 87 + -120 + 114 + 0 + (7 - 4) + 9?
93
Calculate -1335 + 1274 - (0 - 40).
-21
Calculate 7 + 42 + -29 + -8.
12
-104 - -37 - 35 - -219
117
Calculate -8 - (-12 + (-30 - -44) + (4 + -6 - -117)).
-125
What is the value of -28 + (139 - 129 - (0 - -14)) + -1 + 7?
-26
Calculate 54 - 105 - 95 - -115.
-31
Calculate (-9233 - -9287) + -1 + -16 + (-1 - -3).
39
Evaluate -31 - -4 - (17 + -21 - (-5 + -6 + 12)).
-22
Evaluate 11 - (7 - 9 - -77) - ((9 - 17) + 1).
-57
Calculate (-12 - (12 + -19) - -6 - 11) + -96 + -1.
-107
What is the value of -6 - (-4 - ((32 - (-2 + 0)) + -10))?
22
What is 4 - 1 - ((-14 - -40 - 40) + 6)?
11
What is the value of (11 + 2 - (-13 + (9 - -27))) + -43?
-53
Evaluate 843 + -851 + 5 + (9 - 2).
4
What is the value of (-4163 - -4155) + (2 - 1) + -63?
-70
Evaluate (-4 - (-27 - -14) - (-1 - -35)) + (0 - 0).
-25
What is -14 - (27 + (144 - 198))?
13
Evaluate 51 + (-14 - -61) + -65.
33
What is the value of -30 + 2 + -1 - (2399 - 2364)?
-64
Evaluate 45 + -64 + (-8 - -46) + (0 - 92).
-73
What is 2 + (18 - (6 + -1)) + (-14 - -1) + 2?
4
(-6 - -19) + -17 + -20 + (-28 - -11)
-41
What is the value of 55 + (0 + 1 - 3 - (501 + -502)) + -7?
47
What is the value of -69 + 0 - (-15640 + 15604)?
-33
-27 + (2 + (3 - -2) + (-23 - -19) - -1)
-23
Calculate (3 + -18 - -1) + (-47 - (-9 - 5)).
-47
Calculate -122 - ((147 - 128) + -124).
-17
Evaluate (11 + -6 - 22) + (21 - (-9 - (3 - 31))).
-15
What is 22 + 25 + -23 + 11 + -12?
23
What is -27 + (61 - 27) + 8 + -8 + (8 - -2)?
17
Calculate 0 + 21 - (23 + (-48 - -2 - -24)).
20
-20 - 21 - (-415 - -436)
-62
Calculate 1 + -3 - 16 - (400 + -423).
5
5893 - 5930 - (-127 - -2)
88
Evaluate (2 - -13 - (50 - 44)) + -114.
-105
4 - 1 - (-56 + (26 - -3) - -69)
-39
What is 31 + 4 + -18 + (1 - 0)?
18
Evaluate -8 - 109 - (-524 - -456).
-49
Calculate 6 + 25 + -39 - (-2 + (1 - 2 - -25)).
-30
Calculate -28 + 73 + (0 - (-5 - 0)).
50
What is 8 + 63 + -42 + (-20 - -19)?
28
Evaluate -2 + (-20 - -6) + (1 - -8) - (-68 - -3).
58
Evaluate -2 - (-8 - 8) - (33 - 75 - -20).
36
Calculate -11 - ((-3 - 43 - -9) + -17).
43
Calculate 36 + 2 + -36 + -79 + (-3 - 0) + -9.
-89
80 + 27 + 13 + -101
19
Evaluate -28 + 29 + 23 - 54.
-30
What is the value of 46 + (7 + -31 - -6) + (9 - 2)?
35
Calculate 1 + (0 + 39 + 2 - -3 - (51 + -41)).
35
Calculate (141 - 101 - 104) + 84.
20
What is -77 + -2 + 5 + (-2 - -29) + (-332 - -295)?
-84
What is the value of -8 + (-37 - (-6 + -14) - -29) + (-99 - 0)?
-95
What is the value of (54 - (-36 + 169)) + 90?
11
Calculate (72 - 48) + -11 + (-3 - 0) + 2.
12
-2 - (0 + -8) - (10 + -2 + -6 - 45)
49
What is -38 - (-3 - -2 - (-2 + 21 - 12) - -20)?
-50
Evaluate 48 - 47 - (-5 - 23 - -2).
27
What is the value of 77 - ((160 - 158) + 94)?
-19
What is the value of 2 - 1 - 67 - (4473 + -4490)?
-49
Evaluate (7 - (-4 + 13)) + (25 + -26 - -13).
10
Evaluate -12 + -22 - (23 + (4 - -36)).
-97
What is (-26 - -7) + (-37 - -24)?
-32
Calculate (-7 + 3 - -1) + (5 - 4) - (-61 + 57).
2
Evaluate (-133 - -121) + -36 - -46.
-2
-77 - (-27 + (-3 - (-11 - 10)) + -10)
-58
What is the value of (5 - -43 - -20) + 1 + 3 + 1?
73
What is the value of 0 - 29 - ((-11 - (4 - 3)) + 16 - -7)?
-40
Evaluate 24 - (-59 + 160 + -92).
15
Calculate (3 - -11) + 4 + -6 + 2 + -19.
-5
(5 - -3) + -6 - (4 - -10) - (33 - 33)
-12
What is the value of 171 + -265 + 148 + (-2 + 1 - -17)?
70
What is the value of 6 + -14 + 41 - (156 - 155)?
32
Evaluate -11 + (-9 - -24) - -21 - (-4 - 1).
30
Evaluate 0 + 38 - (63 + -43) - -5.
23
What is 25 + (35 - 36) + -25 - -53?
52
What is the value of 9 + (10 + -39 - -43 - (-126 - -3))?
146
What is 23 - 18 - (-11 + -2 - (-96 + -7))?
-85
Calculate 1 - (-8 - (-22 + 15) - -20).
-18
(-2 - -4) + (-56 - (-105 + 29))
22
-46 - (-41 - 37) - 28
4
Evaluate 1 - (19 - (38 - 5)) - (-43 - 0).
58
(1 - -2 - (-21 - -23)) + -32 + -26 + 138
81
Calculate -31 - ((-2 - 2) + (-34 - -20) + (23 - 1)).
-35
Calculate (-27 - 0 - -2) + (100 + -105 - -9).
-21
What is the value of -2 - 10 - ((-6 - 51) + 12 + -1 - -14)?
20
123 + -176 - (-44 - 8)
-1
Evaluate 45 + -17 + -83 + 72.
17
What is 9 + -11 - (-7 + 3 + 9 + -35) - -4?
32
Evaluate -12 - ((-4 + -15 - -20) + -20).
7
What is (-37 - 55) + 37 - -113?
58
What is -82 + 77 + 102 + -180?
-83
Evaluate (52 + -19 + -13 - 5) + -10.
5
What is the value of 24 + 31 - 15 - (177 - 46)?
-91
(20 - (2 + 8 + 39 - 19)) + 19
9
What is (-355 - -395) + 4 + 1 + 1 - 11?
35
Evaluate -29 + (1 - (-18 + -4)) + 2 + 90 - -6.
92
What is the value of (-114 - (-120 + -110)) + -95?
21
74 + (112 + -60 - 154)
-28
What is 2 + -1 + -8 + (-24 - 0 - (-143 + 197))?
-85
What is (230 - 215) + (-4 - (4 - (-5 + -34)))?
-32
What is (3 - (2 - (3 + -2 + -1))) + -5 - 68?
-72
What is the value of (19 - (22 + -9) - 8) + (-3 - 80) + 2?
-83
Evaluate (-1 - 18) + 149 + -108 + 49.
71
What is the value of (35 - -19) + (2 - 41)?
15
33 + -15 + (-62 - -77)
33
What is the value of -12 - (-308 - -310 - (2 - (1 - -1)))?
-14
What is the value of -33 + 95 + -18 + -69?
-25
Evaluate 22 + (-153 - -150 - (-18 + 0)).
37
What is the value of 4 + -9 - (42 + -30 + (-1 - -1))?
-17
Calculate 4 + -1 + 302 + -321 + 10 + -1 + -19.
-26
Calculate (-12 - -17) + -1 + 8 - (-29 + 0).
41
What is 25 - ((-12 - 3 - -9) + 86)?
-55
-34 + 49 + (13 - 24) - (68 + 0)
-64
Evaluate 888 + -887 - (-3 + (2 - -33)).
-31
What is the value of 14 - (-2409 - -2410 - (2 + 16 + 2))?
33
-63 + 6 + 81 + -37
-13
Evaluate (-1 - 4 - -12) + 4 + 8 + -11.
8
What is the value of -17 + (32 - 0) - (-4 - -3 - 39)?
55
Evaluate 34 - 3 - ((-1 - -16) + 0 - (-347 + 351)).
20
What is the value of -17 - -11 - (-6 - 1) - ((2 - 9) + 12)?
-4
Evaluate -15 + -11 + 4 - (-10 - 18).
6
Calculate -18 + -48 + 27 - -43.
4
Calculate (0 - 10 - -26) + -3 + -2 + 93 + 6.
110
Evaluate (16 - 5 - ((17 - -20) + 3)) + (-9 - 1).
-39
-4 - (-43 - -60 - (4 + 3 + 5)) - -43
34
What is -11 - (-21 - -1 - (76 - 85)) - -11?
11
Evaluate (-11 - -37) + (25 - (-43 + 102)) + (33 - 0).
25
What is 22 + (15 - 7) - (3 + -6 - 1)?
34
What is (31 + 6 - ((3 - -7) + 1)) + 5?
31
What is 1402 + -1406 - (-3 - (-2 + -2) - -146)?
-151
(55 + -43 - 49) + 36
-1
What is the value of 6 + -14 + -3 + 25 + -24?
-10
What is the value of (9 + 2 - 12) + -10 - -36 - 33?
-8
Calculate 51 - (-5 + 7 + 2 - (18 + -6) - -4).
55
Evaluate 2 + -5 + -175 + 276 + -142.
-44
Evaluate 17 - ((99 - (-45 + 126)) + 44 + 0).
-45
Calculate -5 + 0 + -12 + 26 + 2.
11
Calculate 0 + 3 + 8 - (25 - 2 - 24).
12
Evaluate 34 + -18 - (41 - 47) - (-5 + 148).
-121
What is 8 - (3 + 11 + -125 + 8 + 3 + 11)?
97
What is the value of 10 - ((-37 - (-28 - -56)) + 3)?
72
-1311 + 1337 - (-49 - (-5 - -3))
73
20 + (-28 - (21 - 36)) + (36 - -1)
44
Calculate -5 + -65 + 4 + (-42 + 78 - 45) - -2.
-73
What is the value of 1 - (21 + -35 + 19 - (2 - 2))?
-4
Evaluate 19 + (-4 - ((13 - 2) + -6)) + 40.
50
Evaluate 7 - (-3 + -1 - (346 - 364) - (8 + -1)).
0
Evaluate 249 + (-186 - 64) + (137 - -1 - -2).
139
(0 + 10 - (-67 - -63 - 3)) + -72
-55
Calculate -512 + 488 + (122 - -3).
101
Calculate -62 - 7 - (-734 - -789) - (1 - -16).
-141
What is -444 + 454 + (11 - 7) + -1 + 93?
106
Evaluate 28 - 140 - -2 - -12 - -18.
-80
-7 + 1 - (21 + -26) - (9 - 14)
4
Evaluate -19 - 2 - (7 + -8) - 19.
-39
What is the value of -1 - 13 - (-31 + -4 + 19)?
2
What is 4 - (8 - 22 - ((-24 - -9) + 22))?
25
Evaluate -13 + (-4 - -8) - (-19 + 29 - -1).
-20
What is -50 - (9 + 46 - 67)?
-38
What is (-1 - -87) + (-361 - -255)?
-20
(-1 - 2) + 115 + -66 + -40 - 103
-97
Evaluate 7 + -10 - (-39 + 16).
20
What is -73 + -8 + 91 + (1 - -1) + -1?
11
What is the value of 64 + -1 + (9 - 47 - -21)?
46
What is the value of -28 - 6 - (-22 + 3)?
-15
Evaluate 47 + (-29 - -59 - 93).
-16
What is the value of -81 + 42 + 3 + 74?
38
Evaluat